 Give g(-15).
-3
Let d(s) = 5*s**2 + 2. Determine d(-1).
7
Let x(r) = 5*r**3 + 2*r**2 - 2*r - 1. Determine x(-2).
-29
Let r(d) = -d**2 + d + 61. Give r(-8).
-11
Let z(a) = -a**3 + 6*a**2 - 2*a + 10. Calculate z(6).
-2
Let t(x) = -47*x - 243. Give t(-5).
-8
Let b(j) = 2*j + 4. Calculate b(-3).
-2
Let m(o) = 3*o**2 - 18*o + 29. What is m(4)?
5
Let k(g) = 4*g - 19. Give k(3).
-7
Let m(v) = -8*v**3 + v**2 - 8*v + 11. Give m(2).
-65
Let b(o) = -o**3 - 3*o**2 + 18*o - 16. Calculate b(-6).
-16
Let k(u) = -2*u**2 + 5*u + 5. Calculate k(-4).
-47
Let r(i) = 2*i**2 - 15*i - 16. Calculate r(9).
11
Let z(a) = -a**3 - 4*a**2 + 2*a - 6. What is z(-3)?
-21
Let t(m) = m**3 + 4*m**2 - 2*m + 2. What is t(3)?
59
Let v(t) = -t + 20. What is v(-6)?
26
Let s(h) = h**2 + 3*h - 15. Give s(-6).
3
Let d(r) = -r**2 - 9*r - 14. Determine d(6).
-104
Let z(h) = h**2 - 13*h - 13. Calculate z(-2).
17
Let o(c) = -9*c + 13. Calculate o(6).
-41
Let l(z) = 2*z**2 + 6*z + 2. Calculate l(-5).
22
Let t(u) = u**3 + 12*u**2 - 13*u - 12. Determine t(-13).
-12
Let a(o) = 2*o + 1. Determine a(4).
9
Let k(j) = j**3 - 58*j**2 - 61*j + 115. Calculate k(59).
-3
Let y(p) = p**2 - 12*p - 8. Give y(12).
-8
Let j(s) = -s**2 + s - 6. Give j(6).
-36
Let s(u) = -18*u + 40. Calculate s(3).
-14
Let p(u) = -u**2 - u + 2. Give p(3).
-10
Let s(a) = -a**3 - 16*a**2 + 19*a + 35. Calculate s(-17).
1
Let w(o) = -o**2 + 7*o - 3. What is w(8)?
-11
Let l(t) = 7*t + 3. Give l(2).
17
Let o(h) = -h - 5. Calculate o(4).
-9
Let h(r) = -r**2 + 4*r + 24. Give h(10).
-36
Let h(u) = -u - 5. Determine h(-4).
-1
Let w(t) = -t**2 + 9*t - 2. Give w(7).
12
Let d(h) = 33*h + 477. Calculate d(-14).
15
Let a(l) = l**2 - 6*l - 3. Calculate a(6).
-3
Let q(x) = 4*x - 8. Calculate q(-1).
-12
Let c(b) = 7*b - 9. Determine c(-4).
-37
Let w(d) = 26*d - 241. Give w(9).
-7
Let a(k) = k**2 - 8*k - 11. Calculate a(9).
-2
Let q(x) = 2*x + 37. What is q(-18)?
1
Let v(f) = f**2 + 28*f + 145. Give v(-7).
-2
Let q(g) = g**3 + 12*g**2 - 2*g - 14. Give q(-12).
10
Let h(l) = l**3 - 7*l**2 - 5*l - 24. Calculate h(8).
0
Let i(x) = x**2 + x - 6. Determine i(3).
6
Let h(u) = u**2 - 4*u + 5. Give h(5).
10
Let t(a) = 8*a + 78. Give t(-11).
-10
Let x(f) = f**3 - 5*f**2 - 2*f - 12. Determine x(6).
12
Let c(b) = -b**2 - 8*b + 7. Give c(-9).
-2
Let g(a) = -a**3 + 38*a**2 - 34*a - 105. What is g(37)?
6
Let h(o) = -8*o**3 - 3*o**2 + o + 2. Calculate h(2).
-72
Let m(a) = a + 9. Calculate m(-16).
-7
Let u(j) = j**3 - 5*j**2 - 4*j + 5. What is u(7)?
75
Let o(g) = -3*g**2 - 34*g - 9. What is o(-11)?
2
Let v(w) = 18*w + 572. What is v(-31)?
14
Let q(c) = 8*c + 81. Determine q(-9).
9
Let h(w) = -w**2 - 18*w - 37. Calculate h(-16).
-5
Let u(s) = -6*s - 20. Calculate u(-5).
10
Let l(x) = -2*x**2 - 5*x - 2. Calculate l(4).
-54
Let g(l) = l**3 + 19*l**2 + 2*l + 27. Calculate g(-19).
-11
Let u(o) = 16*o - 1. What is u(2)?
31
Let n(m) = 2*m + 7. Determine n(5).
17
Let l(s) = 3*s**3 + 12*s**2 + 2*s + 8. Determine l(-4).
0
Let c(x) = -5*x + 26. Determine c(5).
1
Let w(o) = 2*o - 5. What is w(-11)?
-27
Let h(n) = -n**3 - 12*n**2 - 13*n - 17. Give h(-11).
5
Let t(l) = l**2 + 28*l + 25. Determine t(-27).
-2
Let d(j) = -j**3 - 5*j**2 + 10*j + 3. Determine d(-6).
-21
Let v(s) = 44*s**2 + 2. Calculate v(1).
46
Let x(a) = -2*a**2 + 4*a + 51. Calculate x(-5).
-19
Let n(j) = -29*j**3 - 1. Determine n(1).
-30
Let o(y) = -y**3 - 5*y**2 + 9*y + 8. What is o(-6)?
-10
Let k(n) = 6*n**2 - n + 3. Determine k(-2).
29
Let o(x) = x**3 - 8*x**2 + 3*x + 6. What is o(7)?
-22
Let z(p) = -3*p - 40. Give z(-19).
17
Let k(t) = -t**3 - t**2 + 2*t. What is k(0)?
0
Let p(u) = -u**3 + 40*u**2 + 39*u + 81. Give p(41).
-1
Let n(a) = a**3 - 12*a**2 + 24*a + 6. What is n(10)?
46
Let w(g) = 5*g + 9. Give w(-3).
-6
Let x(c) = 6*c**2 + 16*c + 35. Give x(-6).
155
Let p(m) = -38*m**3 - m**2. What is p(-1)?
37
Let n(x) = x**3 - 4*x**2 + 3*x - 2. What is n(4)?
10
Let g(u) = -u**3 + 12*u**2 + 15*u - 11. Calculate g(13).
15
Let j(n) = 6*n + 28. Calculate j(-8).
-20
Let d(a) = -a**3 + a + 1. What is d(-2)?
7
Let d(g) = -35*g + 36. Give d(-1).
71
Let d(j) = -3*j - 6. Determine d(0).
-6
Let d(s) = s**2 - 4*s. What is d(3)?
-3
Let s(n) = -2*n**2 - 4*n - 3. What is s(-2)?
-3
Let n(w) = 3*w**3 - 9*w**2 - 8*w + 2. Calculate n(5).
112
Let b(j) = 5*j - 2. What is b(14)?
68
Let r(w) = 12*w + 64. Determine r(-5).
4
Let f(g) = g**3 - 10*g**2 + 9*g - 9. Give f(9).
-9
Let j(k) = -k**3 + 4*k**2 + 42*k - 15. Calculate j(-5).
0
Let k(b) = -2*b**2 + 6*b - 2. Give k(4).
-10
Let c(l) = -l**2 - 4*l - 11. Give c(-5).
-16
Let c(g) = -g**3 + 17*g**2 + 2*g - 33. Determine c(17).
1
Let d(f) = 6*f + 16. What is d(-9)?
-38
Let r(d) = -d**3 - 10*d**2 + 9*d - 7. Determine r(-11).
15
Let s(j) = 47*j + 1502. Calculate s(-32).
-2
Let r(m) = -m**3 + 30*m**2 + 101*m - 71. Determine r(33).
-5
Let r(l) = 4*l**2 - l - 3. Calculate r(-1).
2
Let b(s) = -s**2 - 22*s - 119. What is b(-9)?
-2
Let v(r) = -r - 12. Give v(-5).
-7
Let m(n) = -7*n + 77. What is m(11)?
0
Let f(c) = -c**3 - 37*c**2 - 158*c + 75. What is f(-32)?
11
Let t(n) = 22*n + 2. Determine t(-1).
-20
Let m(v) = -v**2 - 13*v - 24. What is m(-10)?
6
Let u(d) = d**3 - 10*d**2 - 10*d + 2. What is u(11)?
13
Let s(u) = 42*u - 667. What is s(16)?
5
Let a(y) = 2*y**2 - 13*y + 7. What is a(6)?
1
Let l(v) = v - 122. Calculate l(21).
-101
Let b(c) = 2*c**2 - 10*c + 8. Give b(7).
36
Let o(g) = g + 3. Calculate o(-5).
-2
Let y(g) = -g - 39. What is y(-20)?
-19
Let y(f) = f**3 + 20*f**2 + 17*f - 26. What is y(-19)?
12
Let j(o) = 2*o - 27. What is j(18)?
9
Let f(t) = t**2 + 2*t + 5. What is f(-3)?
8
Let n(w) = 2*w**2 - 2*w - 4. Calculate n(3).
8
Let h(z) = -12*z**2 + z. What is h(-1)?
-13
Let v(n) = 8*n + 19. Give v(-11).
-69
Let s(d) = d + 4. Determine s(0).
4
Let f(d) = -4*d**2 - d - 37. What is f(-6)?
-175
Let r(f) = -25*f + 195. Give r(8).
-5
Let v(j) = -9*j + 23. Calculate v(-6).
77
Let n(g) = -g**2 + 6*g. Give n(8).
-16
Let y(g) = g**3 + 7*g**2 - 31*g + 4. Determine y(3).
1
Let s(p) = p**3 - p**2 - p. Give s(2).
2
Let f(h) = -h**2 - 2*h - 8. What is f(0)?
-8
Let d(u) = -u**3 + 12*u**2 - 11*u + 12. What is d(11)?
12
Let t(o) = o**2 - 15. Calculate t(-3).
-6
Let u(o) = o**3 + 15*o**2 - 32*o + 16. Calculate u(-17).
-18
Let j(t) = 5*t - 9. What is j(4)?
11
Let w(l) = l - 11. Calculate w(-5).
-16
Let q(x) = 19*x**3 + 131*x**2 - 12*x + 7. Determine q(-7).
-7
Let a(d) = d**3 - 2*d**2 - 9*d + 9. Determine a(2).
-9
Let l(g) = -g**2 - 12*g + 28. What is l(-14)?
0
Let t(h) = -h**2 - 10*h + 336. Give t(-24).
0
Let i(x) = -5*x - 56. Give i(-12).
4
Let s(k) = -3*k**2 + k - 1. Give s(2).
-11
Let r(g) = -3*g**2 - 19*g + 8. Calculate r(-7).
-6
Let f(n) = 2*n**2 - 33*n + 17. Calculate f(16).
1
Let h(l) = 7*l**3 - 3*l**2 + 6*l - 11. Give h(2).
45
Let l(a) = -a - 9. Give l(-8).
-1
Let y(m) = m**2 - 9*m + 2. What is y(5)?
-18
Let f(g) = -2*g**2 - g - 1. Give f(-2).
-7
Let x(t) = -4*t - 43. Give x(-5).
-23
Let v(i) = -7*i**2 + i - 2. Determine v(-2).
-32
Let c(s) = s**2 + 5*s + 10. Give c(-9).
46
Let n(u) = 4*u + 7. Determine n(-7).
-21
Let t(c) = -2*c**3 + 13*c**2 - 5*c - 11. Calculate t(6).
-5
Let l(x) = -x**2 - 17*x - 37. What is l(-15)?
-7
Let x(k) = 2*k**3 - 2*k**2 + k. What is x(2)?
10
Let i(r) = -r**3 + r**2 + 2*r + 1. Give i(2).
1
Let m(z) = -z**2 - z + 1. Determine m(2).
-5
Let p(r) = -9*r - 1. What is p(-3)?
26
Let i(z) = -4*z + 32. Give i(6).
8
Let l(o) = -o**3 - 3*o**2 + 10*o - 1. What is l(-5)?
-1
Let f(x) = -x**3 + 3*x**2 + 19*x - 2. What is f(6)?
4
Let q(k) = 3*k - 9. Determine q(-5).
-24
Let d(t) = -t**2 - 4*t + 10. Calculate d(-7).
-11
Let x(l) = -l**3 - 7*l**2 - 6*l. Determine x(-5).
-20
Let u(i) = -i**2 + 19*i - 11. Give u(17).
23
Let s(c) = -c**2 - 3*c + 34. What is s(-8)?
-6
Let h(t) = -t**3 - 4*t**2 - 8*t + 2. Calculate h(-3).
17
Let f(i) = -7*i + 58. What is f(8)?
2
Let d(s) = 3*s - 10. What is d(7)?
11
Let z(w) = w - 3. Calculate z(7).
4
Let v(a) = a**3 + 8*a**2 + 7*a - 5. What is v(-6)?
25
Let b(o) = o**2 + 4*o - 7. Calculate b(7).
70
Let x(s) = -s - 7. Give x(-16).
9
Let q(l) = l**2 - 5*l - 1. What is q(7)?
13
Let s(z) = z**2 + 19*z - 16. Determine s(-20).
4
Let m(d) = d**3 - 5*d**2 - 3. Determine m(5).
-3
Let m(y) = y**3 + 7*y**2 + 5*y + 6. What is m(-7)?
-29
Let d(g) = 25*g + 7. Calculate